{"id":76,"date":"2021-10-16T13:47:57","date_gmt":"2021-10-16T13:47:57","guid":{"rendered":"https:\/\/www.gressly.ch\/?page_id=76"},"modified":"2021-11-04T15:51:28","modified_gmt":"2021-11-04T13:51:28","slug":"topas","status":"publish","type":"page","link":"https:\/\/www.gressly.ch\/index.php\/hobby\/topas\/","title":{"rendered":"Topas"},"content":{"rendered":"\n<p class=\"wp-block-paragraph\">Diese Lautsprecher sind einzigartig. Der Ton \u00fcbertrifft alles, was ich bisher in dieser Preisklasse geh\u00f6rt habe. Daher Visaton keine fixfertigen Boxen herstellt, muss man sich die Geh\u00e4use selber bauen oder bauen lassen. Ich habe dies f\u00fcr mich gemacht, w\u00fcrde es aber auch im Auftrag und gegen Bezahlung des Materials wieder machen.<\/p>\n\n\n\n<p class=\"wp-block-paragraph\">Technische Daten und Pressestimmen auf der <a rel=\"noreferrer noopener\" href=\"https:\/\/www.visaton.de\/de\/produkte\/hifi-surround-bauvorschlaege\/2-wege-boxen\/topas\" target=\"_blank\">Topas Webseite von Visaton<\/a><\/p>\n\n\n\n<figure class=\"wp-block-image size-large\"><img loading=\"lazy\" decoding=\"async\" width=\"1024\" height=\"768\" src=\"https:\/\/www.gressly.ch\/wp-content\/uploads\/2021\/10\/2018-01-01-12.26.17-1024x768.jpg\" alt=\"\" class=\"wp-image-210\" srcset=\"https:\/\/www.gressly.ch\/wp-content\/uploads\/2021\/10\/2018-01-01-12.26.17-1024x768.jpg 1024w, https:\/\/www.gressly.ch\/wp-content\/uploads\/2021\/10\/2018-01-01-12.26.17-300x225.jpg 300w, https:\/\/www.gressly.ch\/wp-content\/uploads\/2021\/10\/2018-01-01-12.26.17-768x576.jpg 768w, https:\/\/www.gressly.ch\/wp-content\/uploads\/2021\/10\/2018-01-01-12.26.17-1536x1152.jpg 1536w, https:\/\/www.gressly.ch\/wp-content\/uploads\/2021\/10\/2018-01-01-12.26.17-2048x1536.jpg 2048w\" sizes=\"auto, (max-width: 1024px) 100vw, 1024px\" \/><\/figure>\n\n\n\n<p class=\"wp-block-paragraph\">Die MDF Bretter sind zum Teil schon furniert, dies ist aber nur bei den \u00e4usseren Seiten im Voraus m\u00f6glich und k\u00f6nnte auch erst am Schluss aufgeklebt werden. Bei den Brettern im Hintergrund sieht man die D\u00fcbel und L\u00f6cher, welche die korrekte Position beim verkleben garantieren und verrutschen verhindern.<\/p>\n\n\n\n<figure class=\"wp-block-image size-large\"><img loading=\"lazy\" decoding=\"async\" width=\"1024\" height=\"768\" src=\"https:\/\/www.gressly.ch\/wp-content\/uploads\/2021\/10\/2018-03-15-14.38.52-1024x768.jpg\" alt=\"\" class=\"wp-image-77\" srcset=\"https:\/\/www.gressly.ch\/wp-content\/uploads\/2021\/10\/2018-03-15-14.38.52-1024x768.jpg 1024w, https:\/\/www.gressly.ch\/wp-content\/uploads\/2021\/10\/2018-03-15-14.38.52-300x225.jpg 300w, https:\/\/www.gressly.ch\/wp-content\/uploads\/2021\/10\/2018-03-15-14.38.52-768x576.jpg 768w, https:\/\/www.gressly.ch\/wp-content\/uploads\/2021\/10\/2018-03-15-14.38.52-1536x1152.jpg 1536w, https:\/\/www.gressly.ch\/wp-content\/uploads\/2021\/10\/2018-03-15-14.38.52-2048x1536.jpg 2048w\" sizes=\"auto, (max-width: 1024px) 100vw, 1024px\" \/><\/figure>\n\n\n\n<p class=\"wp-block-paragraph\">Die Runde Nut habe ich mit dem <a href=\"https:\/\/www.gressly.ch\/index.php\/hobby\/fraszirkel\/\" data-type=\"page\" data-id=\"617\">Fr\u00e4szirkel<\/a> erstellt. Bei der Aussparung f\u00fcr den Hocht\u00f6ner kam eine Schablone zum Einsatz. Mein Geh\u00e4use ist auf Stoss verleimt, daher am Schluss alles furniert wird ist ein Verkleben mit Gehrungen nicht n\u00f6tig. Durch die \u00d6ffnung f\u00fcr den Bassreflex-Kanal w\u00fcrde es anders nicht so einfach realisierbar. Das Furnier wird dann so geschnitten, dass ein Blatt in den Kanal eingeschoben und ein zweites f\u00fcr den unteren Teil verwendet wird. Man macht das am besten so, dass die Maserung des Holzes optisch weitergef\u00fchrt wird.<\/p>\n\n\n\n<figure class=\"wp-block-image size-large\"><img loading=\"lazy\" decoding=\"async\" width=\"1024\" height=\"768\" src=\"https:\/\/www.gressly.ch\/wp-content\/uploads\/2021\/10\/2018-03-18-13.50.43-1024x768.jpg\" alt=\"\" class=\"wp-image-78\" srcset=\"https:\/\/www.gressly.ch\/wp-content\/uploads\/2021\/10\/2018-03-18-13.50.43-1024x768.jpg 1024w, https:\/\/www.gressly.ch\/wp-content\/uploads\/2021\/10\/2018-03-18-13.50.43-300x225.jpg 300w, https:\/\/www.gressly.ch\/wp-content\/uploads\/2021\/10\/2018-03-18-13.50.43-768x576.jpg 768w, https:\/\/www.gressly.ch\/wp-content\/uploads\/2021\/10\/2018-03-18-13.50.43-1536x1152.jpg 1536w, https:\/\/www.gressly.ch\/wp-content\/uploads\/2021\/10\/2018-03-18-13.50.43-2048x1536.jpg 2048w\" sizes=\"auto, (max-width: 1024px) 100vw, 1024px\" \/><\/figure>\n\n\n\n<p class=\"wp-block-paragraph\">Hier eine fertig verleimte  und furnierte Box &#8211; noch unge\u00f6lt. Die Frequenzweichen habe ich durch die \u00d6ffnungen der Chassis auf die R\u00fcckwand angeschraubt. Die Chassis selbst werden erst nach dem \u00f6len angebracht.<\/p>\n\n\n\n<figure class=\"wp-block-image size-large\"><img loading=\"lazy\" decoding=\"async\" width=\"768\" height=\"1024\" src=\"https:\/\/www.gressly.ch\/wp-content\/uploads\/2021\/10\/2018-03-23-13.54.00-768x1024.jpg\" alt=\"\" class=\"wp-image-79\" srcset=\"https:\/\/www.gressly.ch\/wp-content\/uploads\/2021\/10\/2018-03-23-13.54.00-768x1024.jpg 768w, https:\/\/www.gressly.ch\/wp-content\/uploads\/2021\/10\/2018-03-23-13.54.00-225x300.jpg 225w, https:\/\/www.gressly.ch\/wp-content\/uploads\/2021\/10\/2018-03-23-13.54.00-1152x1536.jpg 1152w, https:\/\/www.gressly.ch\/wp-content\/uploads\/2021\/10\/2018-03-23-13.54.00-1536x2048.jpg 1536w, https:\/\/www.gressly.ch\/wp-content\/uploads\/2021\/10\/2018-03-23-13.54.00-scaled.jpg 1920w\" sizes=\"auto, (max-width: 768px) 100vw, 768px\" \/><\/figure>\n\n\n\n<p class=\"wp-block-paragraph\">Hier der fertige Lautsprecher, ge\u00f6lt mit Leinsamen\u00f6l. Das Furnier ist \u00fcbrigens vom Olivenbaum.<\/p>\n\n\n\n<figure class=\"wp-block-image size-large\"><img loading=\"lazy\" decoding=\"async\" width=\"1024\" height=\"768\" src=\"https:\/\/www.gressly.ch\/wp-content\/uploads\/2021\/10\/2018-03-23-13.53.03-1024x768.jpg\" alt=\"\" class=\"wp-image-80\" srcset=\"https:\/\/www.gressly.ch\/wp-content\/uploads\/2021\/10\/2018-03-23-13.53.03-1024x768.jpg 1024w, https:\/\/www.gressly.ch\/wp-content\/uploads\/2021\/10\/2018-03-23-13.53.03-300x225.jpg 300w, https:\/\/www.gressly.ch\/wp-content\/uploads\/2021\/10\/2018-03-23-13.53.03-768x576.jpg 768w, https:\/\/www.gressly.ch\/wp-content\/uploads\/2021\/10\/2018-03-23-13.53.03-1536x1152.jpg 1536w, https:\/\/www.gressly.ch\/wp-content\/uploads\/2021\/10\/2018-03-23-13.53.03-2048x1536.jpg 2048w\" sizes=\"auto, (max-width: 1024px) 100vw, 1024px\" \/><\/figure>\n\n\n\n<p class=\"wp-block-paragraph\">Ich mag die Anschl\u00fcsse ganz ohne Einlegeplatte, so sieht man mehr vom Holz. Passend dazu habe ich den <a href=\"https:\/\/www.gressly.ch\/index.php\/hobby\/center\/\" data-type=\"page\" data-id=\"86\">Aria 2 Center<\/a> gebaut.<\/p>\n","protected":false},"excerpt":{"rendered":"<p>Diese Lautsprecher sind einzigartig. Der Ton \u00fcbertrifft alles, was ich bisher in dieser Preisklasse geh\u00f6rt habe. Daher Visaton keine fixfertigen Boxen herstellt, muss man sich die Geh\u00e4use selber bauen oder bauen lassen. Ich habe dies f\u00fcr mich gemacht, w\u00fcrde es aber auch im Auftrag und gegen Bezahlung des Materials wieder machen. Technische Daten und Pressestimmen auf der Topas Webseite von Visaton Die MDF Bretter sind zum Teil schon furniert, dies ist aber nur bei den \u00e4usseren Seiten im Voraus m\u00f6glich und k\u00f6nnte auch erst am Schluss aufgeklebt werden. Bei den Brettern im Hintergrund sieht man die D\u00fcbel und L\u00f6cher, welche die korrekte Position beim verkleben garantieren und verrutschen verhindern. Die Runde Nut habe ich mit dem Fr\u00e4szirkel erstellt. Bei der Aussparung f\u00fcr den Hocht\u00f6ner kam eine Schablone zum Einsatz. Mein Geh\u00e4use ist auf Stoss verleimt, daher am Schluss alles furniert wird ist ein Verkleben mit Gehrungen nicht n\u00f6tig. Durch die \u00d6ffnung f\u00fcr den Bassreflex-Kanal w\u00fcrde es anders nicht so einfach realisierbar. Das Furnier wird dann so geschnitten, dass ein Blatt in den Kanal eingeschoben und ein zweites f\u00fcr den unteren Teil verwendet wird. Man macht das am besten so, dass die Maserung des Holzes optisch weitergef\u00fchrt wird. Hier eine fertig verleimte und furnierte Box &#8211; noch unge\u00f6lt. Die Frequenzweichen habe ich durch die \u00d6ffnungen der Chassis auf die R\u00fcckwand angeschraubt. Die Chassis selbst werden erst nach dem \u00f6len angebracht. Hier der fertige Lautsprecher, ge\u00f6lt mit Leinsamen\u00f6l. Das Furnier ist \u00fcbrigens vom Olivenbaum. Ich mag die Anschl\u00fcsse ganz ohne Einlegeplatte, so sieht man mehr vom Holz. Passend dazu habe ich den Aria 2 Center gebaut.<\/p>\n","protected":false},"author":1,"featured_media":0,"parent":50,"menu_order":0,"comment_status":"closed","ping_status":"closed","template":"","meta":{"footnotes":""},"class_list":["post-76","page","type-page","status-publish","hentry"],"_links":{"self":[{"href":"https:\/\/www.gressly.ch\/index.php\/wp-json\/wp\/v2\/pages\/76","targetHints":{"allow":["GET"]}}],"collection":[{"href":"https:\/\/www.gressly.ch\/index.php\/wp-json\/wp\/v2\/pages"}],"about":[{"href":"https:\/\/www.gressly.ch\/index.php\/wp-json\/wp\/v2\/types\/page"}],"author":[{"embeddable":true,"href":"https:\/\/www.gressly.ch\/index.php\/wp-json\/wp\/v2\/users\/1"}],"replies":[{"embeddable":true,"href":"https:\/\/www.gressly.ch\/index.php\/wp-json\/wp\/v2\/comments?post=76"}],"version-history":[{"count":8,"href":"https:\/\/www.gressly.ch\/index.php\/wp-json\/wp\/v2\/pages\/76\/revisions"}],"predecessor-version":[{"id":825,"href":"https:\/\/www.gressly.ch\/index.php\/wp-json\/wp\/v2\/pages\/76\/revisions\/825"}],"up":[{"embeddable":true,"href":"https:\/\/www.gressly.ch\/index.php\/wp-json\/wp\/v2\/pages\/50"}],"wp:attachment":[{"href":"https:\/\/www.gressly.ch\/index.php\/wp-json\/wp\/v2\/media?parent=76"}],"curies":[{"name":"wp","href":"https:\/\/api.w.org\/{rel}","templated":true}]}}

<p class="wp-block-paragraph">Diese Lautsprecher sind einzigartig. Der Ton übertrifft alles, was ich bisher in dieser Preisklasse gehört habe. Daher Visaton keine fixfertigen Boxen herstellt, muss man sich die Gehäuse selber bauen oder bauen lassen. Ich habe dies für mich gemacht, würde es aber auch im Auftrag und gegen Bezahlung des Materials wieder machen.</p>



<p class="wp-block-paragraph">Technische Daten und Pressestimmen auf der <a rel="noreferrer noopener" href="https://www.visaton.de/de/produkte/hifi-surround-bauvorschlaege/2-wege-boxen/topas" target="_blank">Topas Webseite von Visaton</a></p>



<figure class="wp-block-image size-large"><img loading="lazy" decoding="async" width="1024" height="768" src="https://www.gressly.ch/wp-content/uploads/2021/10/2018-01-01-12.26.17-1024x768.jpg" alt="" class="wp-image-210" srcset="https://www.gressly.ch/wp-content/uploads/2021/10/2018-01-01-12.26.17-1024x768.jpg 1024w, https://www.gressly.ch/wp-content/uploads/2021/10/2018-01-01-12.26.17-300x225.jpg 300w, https://www.gressly.ch/wp-content/uploads/2021/10/2018-01-01-12.26.17-768x576.jpg 768w, https://www.gressly.ch/wp-content/uploads/2021/10/2018-01-01-12.26.17-1536x1152.jpg 1536w, https://www.gressly.ch/wp-content/uploads/2021/10/2018-01-01-12.26.17-2048x1536.jpg 2048w" sizes="auto, (max-width: 1024px) 100vw, 1024px" /></figure>



<p class="wp-block-paragraph">Die MDF Bretter sind zum Teil schon furniert, dies ist aber nur bei den äusseren Seiten im Voraus möglich und könnte auch erst am Schluss aufgeklebt werden. Bei den Brettern im Hintergrund sieht man die Dübel und Löcher, welche die korrekte Position beim verkleben garantieren und verrutschen verhindern.</p>



<figure class="wp-block-image size-large"><img loading="lazy" decoding="async" width="1024" height="768" src="https://www.gressly.ch/wp-content/uploads/2021/10/2018-03-15-14.38.52-1024x768.jpg" alt="" class="wp-image-77" srcset="https://www.gressly.ch/wp-content/uploads/2021/10/2018-03-15-14.38.52-1024x768.jpg 1024w, https://www.gressly.ch/wp-content/uploads/2021/10/2018-03-15-14.38.52-300x225.jpg 300w, https://www.gressly.ch/wp-content/uploads/2021/10/2018-03-15-14.38.52-768x576.jpg 768w, https://www.gressly.ch/wp-content/uploads/2021/10/2018-03-15-14.38.52-1536x1152.jpg 1536w, https://www.gressly.ch/wp-content/uploads/2021/10/2018-03-15-14.38.52-2048x1536.jpg 2048w" sizes="auto, (max-width: 1024px) 100vw, 1024px" /></figure>



<p class="wp-block-paragraph">Die Runde Nut habe ich mit dem <a href="https://www.gressly.ch/index.php/hobby/fraszirkel/" data-type="page" data-id="617">Fräszirkel</a> erstellt. Bei der Aussparung für den Hochtöner kam eine Schablone zum Einsatz. Mein Gehäuse ist auf Stoss verleimt, daher am Schluss alles furniert wird ist ein Verkleben mit Gehrungen nicht nötig. Durch die Öffnung für den Bassreflex-Kanal würde es anders nicht so einfach realisierbar. Das Furnier wird dann so geschnitten, dass ein Blatt in den Kanal eingeschoben und ein zweites für den unteren Teil verwendet wird. Man macht das am besten so, dass die Maserung des Holzes optisch weitergeführt wird.</p>



<figure class="wp-block-image size-large"><img loading="lazy" decoding="async" width="1024" height="768" src="https://www.gressly.ch/wp-content/uploads/2021/10/2018-03-18-13.50.43-1024x768.jpg" alt="" class="wp-image-78" srcset="https://www.gressly.ch/wp-content/uploads/2021/10/2018-03-18-13.50.43-1024x768.jpg 1024w, https://www.gressly.ch/wp-content/uploads/2021/10/2018-03-18-13.50.43-300x225.jpg 300w, https://www.gressly.ch/wp-content/uploads/2021/10/2018-03-18-13.50.43-768x576.jpg 768w, https://www.gressly.ch/wp-content/uploads/2021/10/2018-03-18-13.50.43-1536x1152.jpg 1536w, https://www.gressly.ch/wp-content/uploads/2021/10/2018-03-18-13.50.43-2048x1536.jpg 2048w" sizes="auto, (max-width: 1024px) 100vw, 1024px" /></figure>



<p class="wp-block-paragraph">Hier eine fertig verleimte  und furnierte Box &#8211; noch ungeölt. Die Frequenzweichen habe ich durch die Öffnungen der Chassis auf die Rückwand angeschraubt. Die Chassis selbst werden erst nach dem ölen angebracht.</p>



<figure class="wp-block-image size-large"><img loading="lazy" decoding="async" width="768" height="1024" src="https://www.gressly.ch/wp-content/uploads/2021/10/2018-03-23-13.54.00-768x1024.jpg" alt="" class="wp-image-79" srcset="https://www.gressly.ch/wp-content/uploads/2021/10/2018-03-23-13.54.00-768x1024.jpg 768w, https://www.gressly.ch/wp-content/uploads/2021/10/2018-03-23-13.54.00-225x300.jpg 225w, https://www.gressly.ch/wp-content/uploads/2021/10/2018-03-23-13.54.00-1152x1536.jpg 1152w, https://www.gressly.ch/wp-content/uploads/2021/10/2018-03-23-13.54.00-1536x2048.jpg 1536w, https://www.gressly.ch/wp-content/uploads/2021/10/2018-03-23-13.54.00-scaled.jpg 1920w" sizes="auto, (max-width: 768px) 100vw, 768px" /></figure>



<p class="wp-block-paragraph">Hier der fertige Lautsprecher, geölt mit Leinsamenöl. Das Furnier ist übrigens vom Olivenbaum.</p>



<figure class="wp-block-image size-large"><img loading="lazy" decoding="async" width="1024" height="768" src="https://www.gressly.ch/wp-content/uploads/2021/10/2018-03-23-13.53.03-1024x768.jpg" alt="" class="wp-image-80" srcset="https://www.gressly.ch/wp-content/uploads/2021/10/2018-03-23-13.53.03-1024x768.jpg 1024w, https://www.gressly.ch/wp-content/uploads/2021/10/2018-03-23-13.53.03-300x225.jpg 300w, https://www.gressly.ch/wp-content/uploads/2021/10/2018-03-23-13.53.03-768x576.jpg 768w, https://www.gressly.ch/wp-content/uploads/2021/10/2018-03-23-13.53.03-1536x1152.jpg 1536w, https://www.gressly.ch/wp-content/uploads/2021/10/2018-03-23-13.53.03-2048x1536.jpg 2048w" sizes="auto, (max-width: 1024px) 100vw, 1024px" /></figure>



<p class="wp-block-paragraph">Ich mag die Anschlüsse ganz ohne Einlegeplatte, so sieht man mehr vom Holz. Passend dazu habe ich den <a href="https://www.gressly.ch/index.php/hobby/center/" data-type="page" data-id="86">Aria 2 Center</a> gebaut.</p>

<p>Diese Lautsprecher sind einzigartig. Der Ton übertrifft alles, was ich bisher in dieser Preisklasse gehört habe. Daher Visaton keine fixfertigen Boxen herstellt, muss man sich die Gehäuse selber bauen oder bauen lassen. Ich habe dies für mich gemacht, würde es aber auch im Auftrag und gegen Bezahlung des Materials wieder machen. Technische Daten und Pressestimmen auf der Topas Webseite von Visaton Die MDF Bretter sind zum Teil schon furniert, dies ist aber nur bei den äusseren Seiten im Voraus möglich und könnte auch erst am Schluss aufgeklebt werden. Bei den Brettern im Hintergrund sieht man die Dübel und Löcher, welche die korrekte Position beim verkleben garantieren und verrutschen verhindern. Die Runde Nut habe ich mit dem Fräszirkel erstellt. Bei der Aussparung für den Hochtöner kam eine Schablone zum Einsatz. Mein Gehäuse ist auf Stoss verleimt, daher am Schluss alles furniert wird ist ein Verkleben mit Gehrungen nicht nötig. Durch die Öffnung für den Bassreflex-Kanal würde es anders nicht so einfach realisierbar. Das Furnier wird dann so geschnitten, dass ein Blatt in den Kanal eingeschoben und ein zweites für den unteren Teil verwendet wird. Man macht das am besten so, dass die Maserung des Holzes optisch weitergeführt wird. Hier eine fertig verleimte und furnierte Box &#8211; noch ungeölt. Die Frequenzweichen habe ich durch die Öffnungen der Chassis auf die Rückwand angeschraubt. Die Chassis selbst werden erst nach dem ölen angebracht. Hier der fertige Lautsprecher, geölt mit Leinsamenöl. Das Furnier ist übrigens vom Olivenbaum. Ich mag die Anschlüsse ganz ohne Einlegeplatte, so sieht man mehr vom Holz. Passend dazu habe ich den Aria 2 Center gebaut.</p>
